 d = 10 - 5. Suppose -86 = -d*a + 9. List the prime factors of a.
19
Let g be (-21)/(-2)*(-4)/6. Let y(k) = -k**3 - 7*k**2 - 3*k - 2. List the prime factors of y(g).
19
Let q(z) = -z**3 + 3*z**2 + 1. Let i be q(2). Let o(m) = 5*m**3 - 10*m**2 + 1 + 3*m**2 + i*m**2. List the prime factors of o(1).
2
Let q(a) = -22*a + 1. Let u be q(1). Let p = -5 - u. What are the prime factors of p?
2
Suppose -2*z + z + 40 = 0. List the prime factors of z.
2, 5
Suppose -4*b + 3*b = -36. List the prime factors of b.
2, 3
Let f = -33 + 62. What are the prime factors of f?
29
Let o(f) = -4*f + 5 + 4*f - 6*f - 1. What are the prime factors of o(-3)?
2, 11
Suppose -4*a + 117 = 5*u, -4*a + 2*u + 67 = -3*u. Let c = a + -7. List the prime factors of c.
2
Let s(g) = g**3 - 3*g**2 + 6*g - 3. Let a be s(4). Let v = a + -19. List the prime factors of v.
2, 3
Let y(l) = 3*l**2 - 3*l - 3. Let w(p) = -p + 6. Let d be w(8). List the prime factors of y(d).
3, 5
Let w(z) = z - 10. Let b be w(7). Let s be b/(-4) - 53/(-4). Let d = s + -2. What are the prime factors of d?
2, 3
Suppose -4*r + 684 = 160. Suppose r = 3*p + 29. List the prime factors of p.
2, 17
Let v = 236 + -161. List the prime factors of v.
3, 5
Suppose -9*y = -1856 + 704. List the prime factors of y.
2
Let w(a) = -12*a + 14. List the prime factors of w(-4).
2, 31
Let b(v) = -v**3 + v + 3. What are the prime factors of b(-4)?
3, 7
Let i be 15/3*(-72)/(-15). Suppose -5*f + i = -36. Suppose -x + f = -3. What are the prime factors of x?
3, 5
Let k(p) = p + 5 - 2*p + 1 + 0. What are the prime factors of k(3)?
3
Suppose -4*o + 42 + 46 = 0. List the prime factors of o.
2, 11
Let m(o) = 4*o - 3*o - o + 13 - 2*o. What are the prime factors of m(-17)?
47
Let v(m) = m**2 - 14*m + 16. Let i be v(13). Suppose 57 = i*z + y - 28, -5*z - 4*y = -144. What are the prime factors of z?
2, 7
Suppose 0 = -5*s + 690 + 15. What are the prime factors of s?
3, 47
Let d be 4*(-12)/(-16) + -3. Suppose 2*n - n - y - 32 = 0, -2*y - 8 = d. What are the prime factors of n?
2, 7
Suppose 8*j = 5*j + 135. List the prime factors of j.
3, 5
Let w(k) = -4*k**3 - k**2 - 3*k + 3. Let c be w(2). What are the prime factors of 1/(36/c - -1)?
13
Let y be 2/4*2*5. Let w(n) = -n**3 + 4*n**2 + n - 3. Let h be w(y). Let j = -9 - h. List the prime factors of j.
2, 7
Let y(t) = -t**3 + 3*t**2 + t - 3. Let w be y(3). Suppose w*c - 4 = -c. What are the prime factors of c?
2
Suppose -9*i + 667 = -296. List the prime factors of i.
107
Let p(b) = -b**2 - 3*b + 4. Let a be p(-3). Suppose -d = a*d - 125. What are the prime factors of d?
5
Suppose 2*f = 8 - 0. Suppose b + 8 = 3*b. Suppose -f*i + 5*p = 4, -b*i + 3*p = -4 - 0. What are the prime factors of i?
2
Suppose -10 = -2*u - s + 3*s, 3*u = -4*s - 6. Let a(t) = 26*t + 12. Let c be a(-2). List the prime factors of (c/(-2))/(u/2).
2, 5
Let x = -3 - -3. Suppose x = 5*v + 14 + 21. Let t = 12 + v. List the prime factors of t.
5
Suppose -3*s = -66 + 9. What are the prime factors of s?
19
Let w be 3 + 2*2/4. Suppose w*n + n = 4*c + 22, 5*n = c + 13. Suppose -i - n = -4. List the prime factors of i.
2
Let d = 1 + -1. Suppose -5*z + 108 + 52 = d. What are the prime factors of z?
2
What are the prime factors of 44/3*(4 + (-35)/14)?
2, 11
Suppose -8*s = -3*s - 35. Suppose w = 5*a - 8, -2 + s = -w + 4*a. List the prime factors of w.
7
Suppose 0 = -2*i + r + 148, -4*i - r = -5*r - 292. What are the prime factors of i?
3, 5
Suppose -3*w + 5*d - 22 = 0, 4*d = -5 + 13. List the prime factors of w*(-2 + -2)/4.
2
List the prime factors of (-1 + -3 + -1)*-1.
5
List the prime factors of (0 + -2)/(-1) - -208.
2, 3, 5, 7
Let m(t) = t**2 + 5*t - 4. Let k(n) = -7*n**2 + n. Let j = -8 - -9. Let i be k(j). What are the prime factors of m(i)?
2
Let f(a) = a**2 + 6*a - 7. Let p be f(-6). Let u = -25 + 35. Let d = p + u. List the prime factors of d.
3
Let x(k) = k - 6. Let f be x(8). Suppose -4*r + 32 = 4*m, 4*r - 4*m - 14 = -f*m. List the prime factors of r.
5
Let p(t) = 18*t. Let b be p(1). Suppose i + b = -2*i. Let q = 16 + i. List the prime factors of q.
2, 5
Let l be (-4 - 0)*(-36)/(-16). Let c = l - 3. What are the prime factors of ((-52)/c)/((-2)/(-6))?
13
List the prime factors of (1/(-2) - -1)/(3/78).
13
Suppose 65 = q - 13. What are the prime factors of q?
2, 3, 13
Let x(i) = -i**2 - 7*i + 8. Let v = -15 + 6. Let w = 3 + v. What are the prime factors of x(w)?
2, 7
Suppose -7*j = -5*j - 26. List the prime factors of 2/j + 930/39.
2, 3
Let p be (-1 + (-5)/3)*-3. Suppose n = -5*r + 58, 6*n + p = 2*n. List the prime factors of r.
2, 3
Let g(x) = x. Let p(t) = -3*t + 3. Let c be p(2). Let a be g(c). List the prime factors of (-9)/(-6)*(-6)/a.
3
Let m(u) = -u**2 - 6*u + 1. Suppose 4*l + 28 = -2*q, 5 = -l - 3*q - 12. List the prime factors of m(l).
2, 3
Let b(d) = -d**2 + 10*d + 10. Let i be b(9). Let w = -8 + i. Let q = w + -8. What are the prime factors of q?
3
Let g(u) = 5*u**2 - u + 1. Let h be g(1). Suppose -5*s - 2 = -y, s + h = 2*y + 1. Suppose l + s = 4. What are the prime factors of l?
2
Let w(o) = -o**3 - 3*o**2 + 7*o + 6. Let k be w(-4). List the prime factors of ((-15)/(-9))/((-2)/k).
5
Let h = -4 - -2. What are the prime factors of (-18)/(-15)*(-15)/h?
3
Suppose 0 = -5*v + 2*b + 23 + 10, -2*v + 2*b = -18. Suppose -2*x = 4*t - 14, v*x + 4*t - 23 - 6 = 0. What are the prime factors of x?
5
Suppose -2 = -c + 2. Let r = c - 0. Suppose r*x - 8 - 28 = 0. What are the prime factors of x?
3
Suppose 3*k + 15 = 2*k - 5*g, -5*k = -4*g - 41. What are the prime factors of k?
5
Suppose -65 = -4*l + 5*i, -53 - 35 = -5*l + 4*i. Let d be 6/4*(-4)/(-2). Let u = l - d. List the prime factors of u.
17
List the prime factors of 1/2 + ((-5754)/(-4))/7.
2, 103
Suppose -5*k + 168 = -2*t, 3*k + 0*t - 100 = t. List the prime factors of k.
2
Let k(s) = -s + 6. Let z be k(0). Let n be (-2)/4 + (-13)/(-2). Suppose 3*x - z = -5*t, n*t = 2*t - 12. List the prime factors of x.
7
Let n(g) be the second derivative of -g**3/3 - g**2 + 3*g. List the prime factors of n(-6).
2, 5
Suppose 0 = 3*x, -3*c - 52 = 4*x - 16. Let o = -4 + c. List the prime factors of (o/(-6))/((-4)/(-24)).
2
Let w be 3/(-6)*(1 + -1). Suppose z - 6*z = w. Suppose z*n + u = 3*n - 25, -36 = -4*n + 2*u. List the prime factors of n.
7
Let n be 0/(-3) - 1 - 3. Let a = -7 - n. What are the prime factors of 2/(1 + a/5)?
5
Suppose 43 = 5*t - 2*s, 4*t = t - s + 17. Suppose k + v = -3 + t, 0 = -k + v. Suppose 0 = -5*q - k*c - c + 65, -2*q = 4*c - 40. What are the prime factors of q?
2, 5
Let c(a) = a**3 + 31*a**2 + 54*a - 41. List the prime factors of c(-29).
3, 5
Let a(w) = 5*w**2 - 7*w + 5. What are the prime factors of a(4)?
3, 19
Let p(y) = -y**3 + 4*y**2 + 6*y + 7. Let l be p(5). Let h be 93/12 + 3/l. Suppose a = 3*a - h. List the prime factors of a.
2
Suppose -3*j + 3*f = 4*f + 172, -4*j + 3*f = 251. Let x = -82 - j. Let q = x - -34. List the prime factors of q.
11
Let z(o) = 3*o + 2. Let p be z(8). Suppose -5*m - b = -103, -m = -0*b + 2*b - p. What are the prime factors of m?
2, 5
Let n be (-4)/22 - (-378)/(-99). List the prime factors of (1 - (-156)/n)/(-2).
19
Let j = -3 - -6. Let h = 7 - j. List the prime factors of h.
2
Let m(l) be the third derivative of -l**5/15 - l**4/8 - l**3/6 + l**2. Let p be m(-2). Let s = p + 19. List the prime factors of s.
2
Let p(f) = 10*f**2 + f - 1. Let l be p(1). Suppose -l = -5*i + 50. Suppose y + y - i = c, 24 = 4*y + 2*c. List the prime factors of y.
2, 3
Let i be (-2 - 0)*118/(-4). List the prime factors of i/4 - 3/(-12).
3, 5
Let w(a) = 0*a**2 + a**3 + 4 + 13*a + 0*a**3 - 13*a**2. List the prime factors of w(12).
2
Let m = -15 - -32. List the prime factors of m.
17
Suppose 4*n - 708 = -5*u, -3*n = 5*u - 390 - 321. What are the prime factors of u?
2, 3
Suppose 0 = -2*z + 10, 4*z = -r - z + 32. Suppose 2*a + 5 + r = 0. Let w(x) = x**3 + 5*x**2 - 7*x + 1. List the prime factors of w(a).
7
Let v(b) = 38*b + 3. Let j(t) = 13*t + 1. Let p(l) = 7*j(l) - 2*v(l). List the prime factors of p(1).
2
Suppose -a + 4 = -3. Let z = a + 2. List the prime factors of z.
3
List the prime factors of 2 + 1 - (3 - 439).
439
Let z(i) = i - 2. Let l(c) = -1. Let q be (-120)/32 - 3/(-4). Let u(r) = q*l(r) - z(r). List the prime factors of u(3).
2
Suppose 4 = 4*q - 20. Let o =